emainder when k is divided by 16.
13
Let x(b) = b**3 + b**2 + b + 55. Let w be x(0). Let p = w + -54. Calculate the remainder when 46 is divided by 119/10 + p/10.
10
Let d = -350 - -588. Calculate the remainder when d is divided by 8.
6
Calculate the remainder when 10/40*1*284 is divided by 44.
27
Calculate the remainder when ((-87)/29)/((-6)/(-2)) + (1597 - 0) is divided by 44.
12
Suppose -5*p = -5*y - 12 + 107, 0 = -3*y - 2*p + 82. Let o = -53 + 95. Calculate the remainder when o is divided by y.
18
Let f(x) = 12*x - 34. Let z(w) = -w + 14. Let i be z(6). Let m be f(i). Suppose -m*j + 42 = -59*j. What is the remainder when 54 is divided by j?
12
Let o(q) = 78*q + 9153. Suppose -185 = -2*z - 5*a, -5*z + 215 = -3*a - 170. What is the remainder when z is divided by o(-117)?
26
Suppose 8 = -8*d + 12*d. Suppose 0 = d*x + 52 - 82. Suppose 4*b - 3*q + 91 = 8*b, x = 3*q. Calculate the remainder when 74 is divided by b.
17
Suppose 4*o = 37 + 107. Suppose 0 = 6*s - o - 30. Calculate the remainder when s is divided by 1.
0
Let d = -3149 + 3159. Calculate the remainder when 847 is divided by d.
7
Let h be -2 + 8 - (-4 + 2 + -3). Let x(c) be the second derivative of -c**5/20 + 11*c**4/12 + 17*c**2/2 - c. Calculate the remainder when 29 is divided by x(h).
12
Suppose -4*n - 3*q + 4*q + 192 = 0, 0 = -2*n - q + 90. Calculate the remainder when n is divided by (-27)/(-216) + 110/16.
5
Let h(t) = -1063*t**3 + 31*t + 33. What is the remainder when h(-1) is divided by 210?
15
Let w be 3/(-12) + (-245)/(-20). What is the remainder when 254/w*(-2 - -5 - -3) is divided by 48?
31
Suppose -5*y + 583 + 392 = 0. What is the remainder when y*(6/(-30) + (-13)/(-15)) is divided by 11?
9
Suppose 3*y + 3150 - 3250 = -2*y. What is the remainder when 112 is divided by y?
12
Let c be (-1)/(3/12)*-1. Suppose 0 = 4*w + t - 35, 0 = c*w - 3*w - t - 15. What is the remainder when 58 is divided by w?
8
Let d(k) = 29*k - 52. Suppose 3*n + 15 = 3*g + 2*n, -15 = 5*n. Suppose g*j + z = 101, -2*z + 34 = j - 0*z. Calculate the remainder when d(5) is divided by j.
21
Let f = -84 + 202. Suppose -79*w = -91*w + 24. What is the remainder when f is divided by 47/w + -1 + (-33)/(-22)?
22
Suppose 11 = 3*p - 3*c - 13, 12 = -3*c. Suppose -84 = 4*b + 5*m, p*b + 91 = m + 7. Calculate the remainder when 13 is divided by b*(-3 - 24/(-9)).
6
Let m(f) = -40*f - 5. Let q(c) = -81*c - 11. Let k(u) = -7*m(u) + 3*q(u). Let a be k(1). Let t = 7 + a. Calculate the remainder when 91 is divided by t.
45
Suppose -2*x + 37 = -x - 2*s, -3*x + s = -121. Calculate the remainder when x is divided by (-867)/(-408)*(-1 - -9).
7
Suppose -52*d + 27 = -43*d. Suppose 5*f = -d*s + 1690, 4*s - 2882 = -5*f - 632. What is the remainder when s is divided by 94?
90
Let p(o) = o**2 + 53*o - 715. What is the remainder when p(16) is divided by 59?
35
Suppose -3*s = 13*z - 18*z + 2763, 2*z - 3*s - 1098 = 0. Let k = -528 + z. What is the remainder when k is divided by 26?
1
What is the remainder when 9633 is divided by 0 - -8 - ((-9 - 228) + 26)?
216
Let z(w) = w**3 + 9*w**2 - 6*w + 2. Let j be z(-10). Let h = -10 - j. What is the remainder when 64 is divided by h?
8
Suppose -2*d = -4*d - 3*n + 106, -5*n - 256 = -4*d. Let i be (-3)/(4 + -1)*-3. What is the remainder when d is divided by (10/(-3))/((-1)/i)?
9
Let j(o) = 2*o**2 - 71*o + 18. Calculate the remainder when j(36) is divided by 2/(-8) + (-405)/(-20).
14
What is the remainder when (-35)/15 + 1590/1*45/81 is divided by 178?
169
Suppose 4*n = -3*l + 695, -2*l - 212 + 715 = -3*n. What is the remainder when 10121 is divided by l?
240
Suppose s + 85 = 37. Let q(y) = -5*y - 47. What is the remainder when q(s) is divided by 50?
43
Let t be (-29526)/(-95) - (-8)/(-10). Suppose t - 280 = g. Calculate the remainder when g is divided by 14.
2
Suppose -2*w + 7 + 5 = 3*o, 0 = w + 2*o - 7. Suppose 0 = -21*r + 26*r + w*a - 335, 2*r - a - 134 = 0. Calculate the remainder when 399 is divided by r.
64
Suppose 68*z - 2268 = -94*z. What is the remainder when 2554 is divided by z?
6
Suppose r + 4*y = 4635 - 782, -3862 = -r + 5*y. What is the remainder when r is divided by 20?
17
Let a(q) = -6*q**3 - 479*q**2 + 74*q + 21. Calculate the remainder when a(-80) is divided by 11.
6
Let h(f) = f**2 + 3*f - 50. Let u be h(6). Suppose -12 = 3*c, -9*r + u*r + 5*c + 390 = 0. What is the remainder when r is divided by 11?
8
Let z(k) = 3*k**3 - 7*k**2 - 2*k + 2. Let h be z(5). Suppose -2*x - 76 = -g, 3*g - h = 2*x + 3*x. Calculate the remainder when (-6)/x + 34/12 is divided by 2.
1
Suppose q + 4*p = 927, -2*q + 878 = -4*p - 928. What is the remainder when q is divided by 3?
2
Let o = -11 - -26. Let l(r) = 118*r + 21210. What is the remainder when l(-179) is divided by o?
13
Let o be (140/4)/(10/470). Suppose -o = -13*d + 1033. Calculate the remainder when d is divided by 29.
3
Let a = -78 - -116. Suppose 2*b - 4414 = 4*q, -2*b - 164 = -q - 1266. Calculate the remainder when (q/10)/(-1) + 9/15 is divided by a.
35
Suppose 3*x + 5*k = 363, -3*k - 513 = -50*x + 46*x. What is the remainder when 4408 is divided by x?
124
Let g = 174 - 170. Suppose -897 + 365 = -5*y - 2*f, -3*f = -g*y + 421. Calculate the remainder when y is divided by 12.
10
Let l be (20/6)/(2/3). Suppose -l*t + 81 - 21 = 0. Calculate the remainder when (-40)/25 - 7869/(-215) is divided by t.
11
Let d = -340 + 516. Let s = -123 + d. What is the remainder when s is divided by -4*2 + 575/800*32?
8
Suppose -5*a + 15 + 35 = 5. Let b(q) = -29*q + 1. Let g(x) = -29*x + 1. Let o(c) = 3*b(c) - 4*g(c). Calculate the remainder when o(1) is divided by a.
1
Let v(h) = -h**3 - h - 1. Let c(q) = 6*q**3 - 8*q**2 - 6*q + 4. Let u(g) = -c(g) - 5*v(g). What is the remainder when 31 is divided by u(9)?
12
Suppose -5*a = -4*i - 306, 125 = 2*a - 0*i + i. Calculate the remainder when 303 is divided by a.
55
Suppose 45 = -13*i + 14*i + 23. Let y be (2 + -5)*1 - -2. What is the remainder when 0 + 86 - (0 - y) is divided by i?
19
What is the remainder when (232100/(-330))/((-15)/198) is divided by 92?
84
Let i(d) = -d**3 - 3*d**2 - 4*d - 3. Let c be i(-1). Let u(x) = 7*x - 5. Let j be u(c). Calculate the remainder when 18 is divided by 4/j + 32/6.
3
Suppose -10*j + 8442 = 8*j. Suppose 4*y + 3*w + 0*w = 917, 5*w - j = -2*y. Calculate the remainder when y is divided by 46.
43
Suppose -9*o + 5*o - 920 = 0. Let u be (12/5)/(((-4)/o)/1). Suppose -5 = 7*g - u. What is the remainder when 94 is divided by g?
18
Let v = -108 + 226. Let d = v + -57. Calculate the remainder when d is divided by 16.
13
Suppose -99 = 4*n - z, -4*n - 5*z = -2*z + 87. Let g = 65 + n. Calculate the remainder when 115 is divided by g.
33
Let d(k) = -k**2 - 294*k - 3865. Calculate the remainder when 714 is divided by d(-14).
54
Calculate the remainder when 235 is divided by ((300/35)/3)/(43/301).
15
Let n(b) = -6*b + 3. Let w = 302 + 222. Suppose 3*v = -0*f - f + 123, -4*f + 4*v = -w. What is the remainder when f is divided by n(-5)?
30
Suppose 4970 = 17*n - 3*n. Let x = n + 364. Calculate the remainder when x is divided by 48.
47
Let p(o) = 3*o + 20. Let f(y) = y**2 + 9*y + 1. Let v be f(-10). Let n be p(v). Suppose 3*z + 17 - n = 0. What is the remainder when 35 is divided by z?
11
What is the remainder when 978 is divided by (-406)/(-28) - 2/4?
12
Let q = -235 - -351. Let f(o) = -35*o**2 - 5*o - 10 - 31*o**2 + 69*o**2. What is the remainder when q is divided by f(-2)?
8
Suppose -157*k + 461 = -127 - 197. Calculate the remainder when 4203 is divided by k.
3
Let z = 86 - 62. Suppose 0 = -z*s + 19*s + 435. What is the remainder when s is divided by 3 + (120/3 - 2*-1)?
42
Let x = 24 + -22. Let g be x*((2 - -2) + -3). Suppose g*z - 8 = -o + 3*z, 4*z = -3*o + 17. Calculate the remainder when 32 is divided by o.
4
Let s be 588/((-1 - -3)/2). Suppose 4*q - s = 4*i, 737 = 5*q - 2*i - 2*i. Suppose -9*h + 174 = -96. What is the remainder when q is divided by h?
29
Let u(w) = -w**3 + 2. Let g be u(0). Suppose g*l - 6*l + 92 = 0. Let k = 96989 + -96901. What is the remainder when k is divided by l?
19
Let b = 1293 - 1881. Let l(o) = o**3 - 5*o**2 + 5*o + 1. Calculate the remainder when l(5) is divided by (-6)/4*(b/(-9))/(-7).
12
Suppose -4*f + 5*l = -33, -4*l - 47 = -2*f - 23. Let p = 14 - 3. What is the remai